osite number?
False
Suppose -4*d = n - 0*n - 7, n - 3*d = 0. Is ((-10)/n)/(12/(-522)) prime?
False
Let n(o) = 75*o**3 + 8*o**2 + 4*o - 4. Is n(7) composite?
False
Suppose -34*j + 4661 = -33*j. Is j composite?
True
Let r(s) = 2*s**3 - 3*s**2 - 2. Let q be r(3). Suppose o - 6*o + q = 0. Suppose -37 = -5*y + 4*k - 7, o = k. Is y composite?
True
Let j(d) = -189*d + 31. Let r(o) = -8*o**2 + o - 1. Let x be r(1). Is j(x) composite?
False
Let d = -426 - -680. Is d a prime number?
False
Let b = -24 - -24. Suppose -3*a + 12 + 21 = b. Is a prime?
True
Let l = 15 - 1. Let c be (l - 11)*(1 - 45). Is 2/(((-16)/c)/2) composite?
True
Let j(i) = 12*i**2 + 3*i + 7. Suppose -6*l + 9*l = 24. Is j(l) a composite number?
True
Suppose -30*n + 20 - 110 = 0. Suppose 4*i - i - 17 = 5*w, 9 = -w + 2*i. Is w - n - (-24)/2 a composite number?
True
Suppose -4*j = 4*f - 5900, 2252 + 706 = 2*j + 4*f. Is j composite?
False
Let r(s) = 130*s**2 + 14*s - 18. Let j be r(4). Suppose j + 4385 = 7*y. Is y prime?
True
Suppose -s + 2 = -2*b - 1, 3*b = -5*s + 54. Let u be 1086 + 1 + s/(-3). Suppose -506 = -6*z + u. Is z a prime number?
False
Suppose 7*v - 3*v = 12. Let f be v/9 - (-56)/12. Suppose f*h = -52 + 147. Is h a composite number?
False
Suppose 6*v - 16 = 8. Suppose 3*u = 4*s - 1059, -4*s = -9*s - v*u + 1347. Is s a prime number?
False
Let r be (-112)/(-21)*(-6)/(-1). Suppose 4*l + 18 = -2*t - r, -4*t = 2*l + 16. Let b(d) = d**3 + 15*d**2 + 7*d - 9. Is b(l) a composite number?
False
Is (8 - 13)*-1 + 11882 a prime number?
True
Let j(y) = y**2 - y + 32. Let u be j(0). Suppose -3*s + u - 2 = 0. Is s composite?
True
Let t = -20 - -22. Suppose 0 = t*j - 270 - 202. Let o = 369 - j. Is o composite?
True
Let p = -13859 - -49926. Is p a composite number?
False
Let h be 3/(12/(-8)) - -4. Suppose -h*q - 4*q = 12. Is 841/(q/(-6 + 4)) a composite number?
True
Let t = -27028 - -53105. Is t composite?
True
Let w = -17221 - -29252. Is w a prime number?
False
Let i(m) = m**2 - 15*m + 393. Is i(39) prime?
False
Let j(w) = 51*w**3 - 19*w**2 + 4*w - 19. Let q(l) = 25*l**3 - 9*l**2 + 2*l - 9. Let g(o) = -6*j(o) + 13*q(o). Let b be g(3). Let t = b - 280. Is t composite?
True
Suppose -861582 = -3*s - 3*s. Is s prime?
False
Let u = -203 - -1197. Suppose -6*i - i = -u. Is i prime?
False
Let u = -1216 + 27135. Is u composite?
False
Suppose 0 = -20*d + 14*d + 10806. Is d composite?
False
Suppose 3*s - 21739 = 4*x, 80*s + 5*x - 7278 = 79*s. Is s a composite number?
False
Is (-82)/(3/((-1206)/12)) a composite number?
True
Let z be ((-7)/14)/(2/(-2500)). Suppose -4*l + 4*c - 173 = -z, -3*l = -c - 331. Is l prime?
True
Let h(z) be the first derivative of -z**4/4 - 8*z**3/3 + 9*z**2/2 - 7. Let k be h(-9). Suppose k = -m + 38 - 1. Is m composite?
False
Let z = 85945 + -19776. Is z a composite number?
False
Let g be 2 + (-2 - 0) - -2200. Let i = g - 1164. Suppose -3*a + 2*r + 1625 = 0, 0 = 2*a - 5*r - i - 51. Is a prime?
True
Let f = -33 + 27. Is ((-33)/(-6))/((-3)/f) a composite number?
False
Let t(l) = -469*l - 249. Is t(-10) a composite number?
False
Let a(y) = y**3 - 7*y**2 + 3*y. Suppose -n - 8 = -3*n. Suppose -n - 3 = -g. Is a(g) composite?
True
Let a = -835 + 1479. Suppose -13*l + 17*l - a = 0. Is l composite?
True
Let s(o) = 14*o**3 - o**2 - o + 1. Let v(g) = 69*g**3 - 5*g**2 - 5*g + 6. Let w(n) = 11*s(n) - 2*v(n). Let c = 128 - 126. Is w(c) a composite number?
True
Let l(u) = 8*u**2 + 9*u - 7. Let s(a) be the second derivative of -23*a**4/12 - 14*a**3/3 + 11*a**2 - a. Let h(o) = 7*l(o) + 2*s(o). Is h(6) a prime number?
True
Let m be (-3430)/(-11) - (-4 + 294/77). Suppose -m = -4*d + 4. Is d composite?
False
Let g(a) = -51*a**3 + 14*a**2 + 4*a - 3. Is g(-10) a prime number?
False
Suppose -5*s + 2*q - 2087 = -16987, -s + 4*q + 2998 = 0. Let a = s + -1705. Is a prime?
False
Let z(y) = 38*y + 8. Let a(b) = -37*b - 8. Let g(l) = -7*a(l) - 6*z(l). Let o be g(-5). Let k = -78 - o. Is k composite?
True
Suppose 0 = -3*u + 9, -3*y - 5*u - 3 = 12. Let s(i) = -i - 5. Let c be s(y). Suppose 5*m - c*t - 570 = 0, -2*m - 36 = -3*t - 260. Is m a prime number?
False
Suppose m = 14 - 9. Suppose -7*i + 6 = -m*i. Suppose 4*n + f = 429 + 1364, i*n = -5*f + 1332. Is n a prime number?
True
Is -33*((-1378)/6 - 10) prime?
False
Suppose -41996 = -5*u - 2*m - 5151, 0 = -2*u - 5*m + 14738. Is u a prime number?
True
Let r = 29377 - 17514. Is r prime?
True
Suppose 7*h + 48 = 587. Is h composite?
True
Suppose 54 = -48*m + 46*m. Is (24/m)/(-4) - (-27416)/72 a composite number?
True
Let k be (2 - (-8)/(-32))/((-2)/776). Let l = 1424 + k. Is l prime?
False
Let d(k) = 33*k + 4. Suppose -4*y + 38 = -2*y. Is d(y) prime?
True
Is ((-350014)/(-184))/(1/4) a prime number?
False
Let q be ((-11)/(-3) + -4)*-12. Suppose -f = -2*f - q*r + 403, 2087 = 5*f + 2*r. Is f prime?
True
Suppose 5*x = 468 + 222. Suppose -j = -3*u - 38, 5*j - 3*u + u = x. Is (-3)/12*-4*j a prime number?
False
Let f be (9/3)/(12/56). Let m = f + -10. Suppose 5*w + 3*k = 352, -3*w + m*k - 2*k + 215 = 0. Is w a composite number?
False
Let v be 1/(-5) + 2*(-84)/(-40). Suppose 3*r - v*r = -346. Is r a prime number?
False
Let a = 794 - 1220. Let q = a - -869. Is q composite?
False
Let t(o) = o**2 + 6*o - 4. Let b be t(-6). Suppose 3*n + 4*n = 294. Let c = n - b. Is c a prime number?
False
Let d(z) = 49*z + 3 - 1 - 20. Is d(11) prime?
True
Suppose -2*n = 667 - 2013. Is n a prime number?
True
Suppose 11*k = 6*k - 2*i + 141921, -3*k + 85152 = i. Is k prime?
False
Let h(v) = v**2 + v + 1508. Let d be h(0). Is 8/12 - (d/(-6) - 2) composite?
True
Let d = -45696 + 65069. Is d a composite number?
False
Let a be (-15)/((-2)/2) + 3. Suppose 5*d = -4*v + 3*v + 12, -5*d + v + a = 0. Suppose 4*t = d*t + 95. Is t a prime number?
False
Let r = 14 - 12. Suppose -32 = -r*j + 222. Is j a composite number?
False
Suppose 30*p - 3511267 = -29*p. Is p a prime number?
True
Suppose -4*l - 2362 = 1330. Let z = -486 - l. Is z a composite number?
True
Suppose 3*k - 472 - 886 = -j, -1362 = -j + k. Is j a prime number?
True
Let n(l) = -l**3 - 26*l**2 - 30*l + 29. Is n(-26) prime?
True
Let q(m) = 18*m + 49. Let s be (6/(-4))/((-24)/224) - -1. Is q(s) prime?
False
Suppose 692*u + 654894 = 710*u. Is u composite?
False
Let y = -37 + 41. Suppose 3*q - 3*s - 2774 + 1181 = 0, y*q - 2120 = 2*s. Is q prime?
False
Let k be ((-23)/3)/(6/126). Is (4 - k/(-3))*-3 a prime number?
True
Let r(s) = -10*s**3 - 4*s**2 - s + 3. Let d be r(-2). Let a = d - -122. Is a composite?
False
Suppose 3*h = -3*t + 51285, -2*h - 8*t + 11*t + 34180 = 0. Is h composite?
False
Let l(f) = -86*f - 15. Let v be l(-11). Let t = v + -69. Is t a prime number?
False
Let c(m) = m**2 - 4*m + 4. Let b be c(4). Is (18 + -1972)*(-2)/b a prime number?
True
Let a(z) = 21*z**2 + 3*z + 3. Suppose -5*n + 7*n - 10 = 0. Suppose 0 = -3*k - 2*k - n, 0 = 3*x + 3*k + 12. Is a(x) a composite number?
True
Let i be -263 + -2 - (1 + 2). Let o = i + 387. Is o composite?
True
Is (3 + (-44)/12)/((-28)/17178) a prime number?
True
Let q(l) = 288*l**2 + 15*l + 29. Is q(-2) composite?
False
Let p = -11 - -6. Let r be ((-14)/(-5))/(p/650). Let x = r + 651. Is x a composite number?
True
Suppose -4*q = -5*l - 24315, 66*q - 65*q + 3*l = 6100. Is q a composite number?
True
Is (-20)/(-70) + 46/(-14) - -6404 prime?
False
Suppose 5*n + 5 = 5*u, 5 = 2*n - 3*u + 11. Suppose 2*z + n*y = 686, z + 3*y = -3*z + 1378. Is z a composite number?
True
Let w(r) = -116*r**2 + 11. Let x be w(-3). Let f = -492 - x. Is f prime?
True
Let w = -46 + 36. Let t(o) = 2*o**2 + 11*o + 5. Is t(w) a composite number?
True
Is -3622*7/(-42)*3 a prime number?
True
Let s(o) = 5*o**3 + 12*o - 12. Is s(13) a composite number?
True
Let w(i) = -347*i + 42. Let r be w(-10). Let h = 4953 - r. Is h composite?
True
Suppose -h - m + 7050 = 0, -m - 2*m + 15 = 0. Is h a prime number?
False
Let s(j) = -3*j - 4 + 1 + 3. Let w be s(-9). Suppose -5*z = 3*b - z - w, -16 = -b + z. Is b a composite number?
False
Let a = 3048 - -19739. Is a a composite number?
False
Let d(j) = j - 15. Let m be d(21). Suppose 5*q - 2*k - 15 = 0, -2*q - k + m = -2*k. Suppose 0 = q*a - x - 1920, 4*a = x + 2*x + 2555. Is a composite?
False
Let f(i) = 409*i + 2. Let u be f(-1). Suppose 4*l - 2618 - 286 = 0. Let r = u + l. Is r prime?
False
Let s(q) 